uppose 70 = -4*s + 2. Let c = r - s. What is the greatest common factor of c and 3?
3
Suppose -3*n + 5*u = -26 - 1, u - 5 = -2*n. What is the highest common divisor of 32 and n?
4
Let q be -11 + 9 + 5*-5. Let s be (q/(-3))/((-3)/(-16)). What is the greatest common factor of s and 6?
6
Suppose 9 = -k + 36. Let p = 1 + 2. Let w be 26/p + (-6)/(-18). What is the greatest common divisor of k and w?
9
Suppose -6*i - 12 = -48. What is the greatest common factor of i and 48?
6
Let k(j) = j**2 + 13*j + 13. Let h be k(-12). Suppose 3*y - h = 32. Let a = 7 + y. Calculate the greatest common divisor of a and 126.
18
Let b(s) = -14*s**3 + 2*s**2 + s + 2. Suppose 5*j = 3*x + 5, 0 = 5*j + 4*x + 19 + 11. Let w be b(j). What is the greatest common divisor of 48 and w?
24
Let n = 19 - 17. Calculate the greatest common divisor of n and 2.
2
Let j = -7 - -11. Let s be j/6 + 68/6. Let d(r) = -7*r + 6. Let c be d(-6). Calculate the highest common divisor of s and c.
12
Let h(c) = -c**3 + 3*c**2 + 6*c - 3. Let x be h(4). Let a(j) = -20*j - 7. Let l be a(-2). Suppose x*u - 153 = -l. What is the highest common factor of u and 8?
8
Suppose 0 = 9*k - 2*k - 308. Let l(w) = w**2 + 3*w. Let g be l(-5). Let p = g - 6. What is the greatest common divisor of p and k?
4
Let n = 19 - 8. What is the greatest common divisor of n and 77?
11
Let k(y) = 3*y + 5. Let c be k(5). Calculate the greatest common divisor of c and 4.
4
Suppose -4*s - 4 = 0, -4*m = -7*m - 5*s + 25. What is the highest common factor of m and 70?
10
Let v = 12 + -3. What is the highest common divisor of 9 and v?
9
Let i(s) = s**2 + 5*s - 4. Let y be i(-6). Suppose 2*x + 5 = -3*x, -4*f = -x - 33. What is the greatest common divisor of y and f?
2
Let l = 13 + -8. Suppose -l*c + 6 - 1 = 0. Let a be ((-4)/(-1))/((-3)/(-6)). What is the highest common divisor of c and a?
1
Suppose -1078 = -14*k + 7*k. What is the highest common factor of 14 and k?
14
Let v(h) = 17*h - 4. Let d be v(4). Let z = 244 - 236. Calculate the highest common factor of z and d.
8
Suppose -2*f - 132 = 2*f. Let l = f + 51. What is the highest common divisor of l and 3?
3
Suppose 2*c - 75 = 3*t - 25, 2*c + t - 42 = 0. Suppose 3*w = 9, -2*w + c = i + 1. What is the greatest common divisor of 165 and i?
15
Suppose 66 = 2*z - 4. Calculate the highest common divisor of z and 70.
35
Let i(u) be the first derivative of u**4/4 + 13*u**3/3 + 5*u**2 - 9*u - 1. Let v = 19 + -31. Let m be i(v). What is the greatest common divisor of 75 and m?
15
Suppose -3*r + 6*j - 3*j + 69 = 0, 0 = 2*r + 2*j - 50. Suppose z = -z + 384. Calculate the highest common divisor of z and r.
24
Let s be 4/(-10) + 423/45. Let b = -5 + s. What is the greatest common divisor of 4 and b?
4
Let l be (-126)/(-8) - (99/(-12) + 8). What is the greatest common factor of 4 and l?
4
Let m(f) be the second derivative of f**5/5 - f**4/6 + f**3/3 + f**2 + f. Let k be m(2). Calculate the highest common divisor of k and 6.
6
Suppose 2*i = -3 + 7. Calculate the greatest common divisor of 6 and i.
2
Let g(j) = 2*j**3 - 3*j**2 + j - 2. Let q be g(2). Suppose -q*w = 2*p - 144, p - 5*w - 59 = 41. What is the greatest common factor of p and 16?
16
Suppose 0 = 5*i + o - 4*o - 21, -13 = -i + 5*o. Let b = 20 - 20. Suppose -m + 3*r + 3 = b, -4*m = -m - r - 9. What is the greatest common divisor of m and i?
3
Let d(b) = -23*b**3 + 1. Let y be d(-1). Let t be ((-3)/(-6) + -2)*-2. Calculate the highest common divisor of y and t.
3
Suppose -4*n - 26 = -3*j, 2*j + 4*n = 3*j - 22. Suppose 49 = j*o - 15. What is the greatest common factor of o and 80?
16
Let z = 10 - 8. Calculate the highest common factor of z and 6.
2
Let b = -185 - -261. What is the greatest common divisor of 4 and b?
4
Let l be 4/((3 - 1) + 0). Let i be (-8)/12*(-27)/l. What is the highest common divisor of 9 and i?
9
Let j be -3*(8/3 + -3). Suppose -j = -g + 16. Suppose 0 = 4*n - 7*n - 2*q + 414, q - 3 = 0. Calculate the highest common factor of g and n.
17
Let t be (-104)/(-28) + 4/14. Let x be 4*1 + (2 - t). Calculate the greatest common divisor of x and 4.
2
Let a(x) = -x**2 - x + 1. Let p(d) = 2*d**2 - 3*d - 7. Let y(i) = a(i) + p(i). Let l be y(6). What is the greatest common divisor of l and 9?
3
Let n be 2 + 38 + -2 + 2. Let a = -8 - -13. Calculate the greatest common factor of a and n.
5
Suppose -o = 7*p - 2*p - 137, 4*o + 4*p = 468. What is the greatest common divisor of o and 14?
14
Let j be 2*(-1 + 2)/1. Suppose -j*t - 3 = -33. What is the greatest common divisor of t and 30?
15
Let o(r) = -r**3 - 2*r**2 - r. Let q be o(-2). Suppose k = 3*k - 4. Let j be (4 - 1)/(k/12). What is the greatest common divisor of j and q?
2
Suppose -4*v + 5*x + 74 = 0, -3*v + 2*x = -0*v - 52. Calculate the highest common divisor of 2 and v.
2
Let s = -276 + 399. Let i = s + -78. What is the highest common divisor of i and 30?
15
Suppose -3*w = -2*n + 3*n - 35, -3*w - 3*n = -45. Let m = 22 - w. Calculate the greatest common divisor of m and 8.
4
Suppose x + 0 = -3. Let v be 0 - -14 - 3/x. What is the greatest common divisor of v and 45?
15
Suppose -4*y + 3 = -21. Calculate the greatest common factor of y and 30.
6
Let k(j) = -j - 6. Let n be k(-9). Calculate the highest common divisor of 9 and n.
3
Suppose -2*d + 7*d - 30 = 0. Suppose -32 = -y + 34. Calculate the greatest common divisor of y and d.
6
Let j = 27 - 7. Suppose -p = 2*p - 9. Suppose p*r - 12 = -0*r. Calculate the highest common factor of r and j.
4
Let m be 84/15 - 3/5. Suppose -2*d - 150 = -m*d. What is the highest common divisor of 20 and d?
10
Let c(d) = -5*d - 8. Let o be c(-5). What is the greatest common factor of 68 and o?
17
Let t = -6 - -55. Let z(o) = 8*o - 1. Let c be z(1). Calculate the greatest common factor of c and t.
7
Let h(u) = -15*u + 1. Let p be h(-1). Let s = 20 - p. Let t(o) = -o + 6. Let y be t(4). Calculate the greatest common divisor of y and s.
2
Let b be 21/((7/42)/((-2)/(-18))). Suppose 0*j + 490 = 5*j. Calculate the highest common factor of b and j.
14
Let n be 275/11*2/5. Calculate the greatest common factor of 5 and n.
5
Suppose -150 = -6*k + k - 5*g, 3*k = 3*g + 108. Calculate the greatest common divisor of k and 3.
3
Suppose -5*o - 9 = 26. Let x be (-117)/o - (-2)/7. What is the highest common divisor of x and 51?
17
Let t = 52 + -28. Suppose 129 = 4*p + 3*m, -3*m = 5*p + 2*m - 155. What is the greatest common factor of p and t?
12
Let g be 513/9*(-16)/(-6). Calculate the highest common factor of g and 19.
19
Let c be 792/22 - (-1*3)/1. What is the greatest common factor of 13 and c?
13
Let a = -66 + 126. Suppose -4*r = r - a. What is the greatest common divisor of 96 and r?
12
Let o(s) = s + 2*s**2 - 3*s**2 + 7*s - 4. Let g be o(6). Suppose -5*r + 4*c = -12, -2*r = -3*c - 2 - 0. Calculate the greatest common factor of g and r.
4
Let v(l) = 3*l**2 - 4*l - 8. Let y be v(4). Calculate the greatest common factor of y and 36.
12
Let r(p) = 108*p**2 - 3*p - 1. Let i(m) = -109*m**2 + 2*m + 1. Let y(q) = -3*i(q) - 2*r(q). Let b be y(-1). What is the highest common divisor of b and 11?
11
Suppose 2*u = 5*p + 178, -3*u - 422 = -8*u + p. Calculate the greatest common factor of 21 and u.
21
Let o(j) be the second derivative of j**4/2 + 2*j**3/3 + 3*j**2/2 - 2*j. Let i be o(4). Calculate the highest common factor of 23 and i.
23
Let u = -78 - -138. Let i(g) = -g**3 - 5*g**2 - 6*g - 6. Let r be i(-5). Suppose 6*n - 4*n - r = 0. Calculate the highest common divisor of n and u.
12
Let n be (-63)/4*(-16)/4. Calculate the highest common divisor of n and 14.
7
Let t = 38 - 84. Let n be 14/21 - t/3. Let j = -9 + n. What is the greatest common divisor of j and 14?
7
Let y = -5 - 1. Let k(x) = -x**2 + 2*x - 1. Let j be k(y). Let i be 1/(-4) + j/(-4). Calculate the greatest common divisor of 36 and i.
12
Let x(d) = d + 22. Let a be x(-20). Let i(n) = 2*n - 5. Let l be i(5). What is the highest common divisor of a and l?
1
Let c(a) = a**2 + a. Let x be c(-2). Suppose -x*r - 32 = -112. Calculate the greatest common divisor of 20 and r.
20
Let z be 3/(-1)*(-8)/12. Let r(w) = -19*w - 3. Let v be r(3). Let b be ((-1)/z)/(2/v). Calculate the highest common factor of b and 3.
3
Let d(h) = 19*h**2 + 1. Let i be d(-1). What is the greatest common divisor of 180 and i?
20
Let v(z) 